hat is 21 - 12121211200?
-12121211113
In base 8, what is -736 + 1225454?
1224516
In base 15, what is db - acca6?
-acbba
In base 16, what is -4e - 6bb96e?
-6bb9bc
In base 10, what is -287643 - -166?
-287477
In base 12, what is ab + 6a26?
6b15
In base 16, what is 4290 + -20?
4270
In base 14, what is -104 + -181b0?
-182b4
In base 6, what is 114 - 23100313?
-23100155
In base 4, what is -1 - 21320020210?
-21320020211
In base 15, what is 10 + -7d1d2?
-7d1c2
In base 3, what is -20002011202 - -1210?
-20002002222
In base 10, what is -155568 + 26?
-155542
In base 5, what is 244420 - 11201?
233214
In base 9, what is -36363650 + -4?
-36363654
In base 12, what is a829b - -a?
a82a9
In base 13, what is 1831c - -4a?
18369
In base 5, what is 2203302422 - 1?
2203302421
In base 14, what is 140301 + -22?
1402bd
In base 13, what is -323b57 - -268?
-3238bc
In base 9, what is 0 - -6741563?
6741563
In base 12, what is -5 + ba3383?
ba337a
In base 4, what is 10013202 - 303013?
3110123
In base 2, what is 100111010011100100 + 1000111000?
100111011100011100
In base 3, what is -1 - -12020001001111?
12020001001110
In base 10, what is 1632 + -19280?
-17648
In base 14, what is 3a9d15 + 4d?
3a9d64
In base 5, what is 22444 - -1120313?
1143312
In base 12, what is 139746 - -23?
139769
In base 6, what is 12520 + 335?
13255
In base 5, what is -41011442 - -441?
-41011001
In base 11, what is -597382 + -1?
-597383
In base 5, what is -3441 - -4410?
414
In base 15, what is -13 + 36d920?
36d90c
In base 12, what is -1 + -34b687?
-34b688
In base 12, what is 1048 - 3b95?
-2b49
In base 16, what is -2197b35 + -5?
-2197b3a
In base 3, what is -12 - 1210201020100?
-1210201020112
In base 3, what is -1222 + -1201112110020?
-1201112112012
In base 12, what is -22825 + -610?
-23235
In base 7, what is 41434021 + 125?
41434146
In base 15, what is -1 - -878616?
878615
In base 10, what is 792 - -149358?
150150
In base 2, what is 110111000110 - 11000111110101?
-10010000101111
In base 3, what is 100200122221101101 - -1?
100200122221101102
In base 7, what is -15151103 - -153?
-15150620
In base 9, what is -6 - 823354?
-823361
In base 9, what is 24 - -131674?
131708
In base 7, what is 1251120 - -161?
1251311
In base 12, what is -31592a + 296?
-315654
In base 14, what is -10568c + 116?
-105576
In base 5, what is -201 - -1343000?
1342244
In base 15, what is 23a2 - 8c6?
19cb
In base 13, what is -5 - -2b8137?
2b8132
In base 5, what is -131422213032 - -2?
-131422213030
In base 8, what is 2205 - 136056?
-133651
In base 3, what is -22021 + -1000001010110?
-1000001102201
In base 10, what is -33805 - -4291?
-29514
In base 10, what is 541 - 9698?
-9157
In base 14, what is ddd188 + b?
ddd195
In base 6, what is -30445 + -150252?
-221141
In base 15, what is 259 + -113eb2?
-113c58
In base 3, what is -11020 + 2110021210122?
2110021122102
In base 9, what is -417752 + -7?
-417760
In base 12, what is 2b6 - b781?
-b487
In base 7, what is 4 + 364346325?
364346332
In base 12, what is 2802173b + 1?
28021740
In base 6, what is 1043052 + -1114?
1041534
In base 4, what is 0 - -3222133010?
3222133010
In base 16, what is 159 + 21df3?
21f4c
In base 8, what is -10031304 - -162?
-10031122
In base 16, what is 523d1 - -97?
52468
In base 9, what is 332 + 1672526?
1672858
In base 4, what is 101013030 + 3311?
101023001
In base 12, what is 1 + 257a6555?
257a6556
In base 10, what is -3068579 - -3?
-3068576
In base 16, what is 899e + -39?
8965
In base 2, what is 111111101101010111101100 - -100?
111111101101010111110000
In base 11, what is 4312 - -112159?
116470
In base 2, what is 10001010111101001001 + 11010001?
10001011000000011010
In base 5, what is -3011000204 + -3?
-3011000212
In base 10, what is 707 + -91480?
-90773
In base 12, what is 5136738 + -1a?
513671a
In base 14, what is -4 - -a688b?
a6887
In base 16, what is -5d38d - 0?
-5d38d
In base 4, what is 30031212 + -32211?
23333001
In base 7, what is -13316 + -1365?
-15014
In base 12, what is 3465 + 23394?
26839
In base 15, what is 3 + -31e84?
-31e81
In base 2, what is 10 + 11010110000110110110110?
11010110000110110111000
In base 10, what is 24 - 2469867?
-2469843
In base 3, what is 20000202 - 102210?
12120222
In base 11, what is -46771 + -724?
-47395
In base 11, what is 9 - a05238?
-a0522a
In base 8, what is -100015 + 147?
-77646
In base 15, what is -dc6bd6 - c?
-dc6be3
In base 14, what is c600292 - -2?
c600294
In base 3, what is -2 + 101212210012011?
101212210012002
In base 15, what is 2408 - -177?
2580
In base 15, what is -bd4e + -66e1?
-13540
In base 6, what is -10422522 - -244?
-10422234
In base 7, what is -1505 - -44565?
43060
In base 2, what is 110100 - -1001010101111110?
1001010110110010
In base 16, what is -36 + 1553?
151d
In base 4, what is -2130330 - -3330021?
1133031
In base 3, what is 20 + -11220002120?
-11220002100
In base 11, what is -1160860 + 3?
-1160858
In base 16, what is -31422 - -16?
-3140c
In base 15, what is -7ed6b + 23b?
-7eb30
In base 4, what is -21301221033001 + 2?
-21301221032333
In base 12, what is -1 - -179a4194?
179a4193
In base 11, what is -310961 + 42?
-31091a
In base 2, what is 110011110001010000100100101 - 1?
110011110001010000100100100
In base 10, what is 85493 - -236?
85729
In base 15, what is 290e - -18bd?
42cc
In base 16, what is 2e03a - -62?
2e09c
In base 12, what is -24b4 + 87b?
-1835
In base 14, what is -16bad81 + 8?
-16bad77
In base 6, what is -15032203 - 1012?
-15033215
In base 5, what is -222140 + -32403?
-310043
In base 11, what is -aa23215 - -1?
-aa23214
In base 4, what is 23 - 1130102222232?
-1130102222203
In base 15, what is 12c - -12db8?
12ee5
In base 4, what is -111313 + 1012310?
300331
In base 10, what is 291 - -634414?
634705
In base 15, what is -11c48cd2 + -3?
-11c48cd5
In base 16, what is -a5 + 1412cb?
141226
In base 14, what is -132 + bb8b?
ba59
In base 3, what is -111210 - -11121120221?
11121002011
In base 15, what is cc - -16c0c?
16cd9
In base 16, what is 35ad12ee + 0?
35ad12ee
In base 7, what is -12062332 - -200?
-12062132
In base 16, what is 3c2 - -1884?
1c46
In base 2, what is 10111010010001000001010 - -100?
10111010010001000001110
In base 8, what is -3 - -1417620?
1417615
In base 6, what is 221305 + -151004?
30301
In base 12, what is -56672 - -5510?
-51162
In base 9, what is -2811 - 61342?
-64253
In base 7, what is 6225002 + 13?
6225015
In base 11, what is 2579 - 28a5?
-327
In base 12, what is 303b005 + 2?
303b007
In base 4, what is 13 + 322201333122?
322201333201
In base 8, what is 17363 - 17401?
-16
In base 3, what is 0 + 20112011012120?
20112011012120
In base 15, what is 29ab - 2a25?
-69
In base 16, what is 3d + -2487c0?
-248783
In base 6, what is -42155 - 201135?
-243334
In base 12, what is 625a7 + -42b?
62178
In base 3, what is -1021101020020 + -12?
-1021101020102
In base 12, what is 9984243 - 1?
9984242
In base 11, what is -300544038 + -2?
-30054403a
In base 4, what is -10322202212123 + -3?
-10322202212132
In base 16, what is -1 - 5f0d5b?
-5f0d5c
In base 15, what is 57ca4c + -10?
57ca3c
In base 16, what is -672c99 - 15?
-672cae
In base 15, what is 1 + -4e0639?
-4e0638
In base 5, what is -4 - 314032124?
-314032133
In base 10, what is -2904234 - 1?
-2904235
In base 14, what is -1387453 - 3?
-1387456
In base 9, what is 62013608 - 1?
62013607
In base 6, what is -5454501 - 1042?
-5455543
In base 7, what is 1136 + 26650?
31116
In base 15, what is -28 - -d7a3e4?
d7a3bb
In base 4, what is 2 - -2322130130?
2322130132
In base 13, what is -1 - -57222b?
57222a
In base 5, what is 1424430020 - 21?
1424424444
In base 15, what is -4e9b + -ab3?
-5a5e
In base 6, what is 42 - -1011031033?
1011031115
In base 2, what is 1011011101111 - -100?
1011011110011
In base 11, what is 5 + -56538a0?
-5653896
In base 3, what is 20 + -1002220002120002?
-1002220002112212
In base 15, what is 96a1e8 + 2?
96a1ea
In base 7, what is 4 + -3022265060?
-3022265053
In base 6, what is -14124142140 + -2?
-14124142142
In base 4, what is 1010 + -1320100212?
-1320033202
In base 3, what is 2100 - -1001000112012?
1001000121112
In base 7, what is 31026 - -45026?
106055
In base 2, what is -100 + 1011001010111010011?
1011001010111001111
In base 13, what is -104a + -9162?
-a1ac
In base 16, what is cb41c0 - 2?
cb41be
In base 3, what is -1 + -1010221120020?
-1010221120021
In ba